{"id":17,"date":"2023-07-04T16:06:17","date_gmt":"2023-07-04T14:06:17","guid":{"rendered":"https:\/\/l-ilot-maths.fr\/?page_id=17"},"modified":"2026-04-05T08:31:21","modified_gmt":"2026-04-05T06:31:21","slug":"accueil","status":"publish","type":"page","link":"https:\/\/l-ilot-maths.fr\/","title":{"rendered":"Accueil"},"content":{"rendered":"\n<div class=\"wp-block-columns is-layout-flex wp-container-core-columns-is-layout-28f84493 wp-block-columns-is-layout-flex\">\n<div class=\"wp-block-column is-layout-flow wp-block-column-is-layout-flow\">\n<h1 class=\"wp-block-heading has-large-font-size\"><strong>Cours de Math\u00e9matiques&nbsp;\u00e0 Lille<\/strong><\/h1>\n\n\n\n<h3 class=\"wp-block-heading has-luminous-vivid-orange-color has-text-color has-medium-font-size\" style=\"font-style:normal;font-weight:600\">Aide, soutien scolaire et compl\u00e9ments en Math\u00e9matiques par un professeur de l&rsquo;Education nationale au centre-ville de Lille<\/h3>\n<\/div>\n\n\n\n<div class=\"wp-block-column is-layout-flow wp-block-column-is-layout-flow\">\n<figure class=\"wp-block-image aligncenter size-full is-resized\"><img fetchpriority=\"high\" decoding=\"async\" width=\"591\" height=\"443\" src=\"https:\/\/l-ilot-maths.fr\/wp-content\/uploads\/2023\/07\/IMG_0994mini.jpg\" alt=\"\" class=\"wp-image-62\" style=\"width:227px;height:169px\" srcset=\"https:\/\/l-ilot-maths.fr\/wp-content\/uploads\/2023\/07\/IMG_0994mini.jpg 591w, https:\/\/l-ilot-maths.fr\/wp-content\/uploads\/2023\/07\/IMG_0994mini-300x225.jpg 300w\" sizes=\"(max-width: 591px) 100vw, 591px\" \/><\/figure>\n<\/div>\n<\/div>\n\n\n\n<h3 class=\"wp-block-heading has-black-color has-text-color\">Surmonter des difficult\u00e9s ponctuelles dans l&rsquo;apprentissage des Math\u00e9matiques ou besoin d&rsquo;un accompagnement r\u00e9gulier, d&rsquo;une pr\u00e9paration sp\u00e9cifique ?&nbsp;<\/h3>\n\n\n\n<p class=\"has-black-color has-text-color\">L&rsquo;\u00eelot Maths propose des cours particuliers de Math\u00e9matiques ou des cours&nbsp;en petits groupes (maximum 4 \u00e9l\u00e8ves).&nbsp;<\/p>\n\n\n\n<p class=\"has-black-color has-text-color\"><strong>Le travail est individualis<\/strong><strong>\u00e9 :&nbsp;<\/strong>chaque \u00e9l\u00e8ve travaille sur des fiches qui sont adapt\u00e9es \u00e0 son niveau et qui ont \u00e9t\u00e9 pr\u00e9par\u00e9es en amont en lien avec les besoins de l&rsquo;\u00e9l\u00e8ve.<\/p>\n\n\n\n<p class=\"has-black-color has-text-color\"><strong>Chaque s\u00e9ance dure 1h30.<\/strong><\/p>\n\n\n\n<p class=\"has-black-color has-text-color\"><strong>Un seul interlocuteur<\/strong>&nbsp;(l&rsquo;\u00eelot Maths est une auto-entreprise)&nbsp;: premier contact, pr\u00e9paration et animation des s\u00e9ances et suivi.<\/p>\n\n\n\n<p class=\"has-black-color has-text-color\">Durant les vacances scolaires, l&rsquo;\u00eelot Maths propose des stages aux coll\u00e9giens et lyc\u00e9ens (le programme et les dates de chaque stage seront communiqu\u00e9s dans la rubrique \u00ab\u00a0actualit\u00e9s\u00a0\u00bb et repris sur la page \u00ab\u00a0Infos&amp;planning\u00a0\u00bb)<\/p>\n\n\n\n<p><\/p>\n\n\n\n<p><\/p>\n\n\n\n<h2 class=\"wp-block-heading has-vivid-red-color has-text-color\"><strong>Actualit\u00e9s<\/strong><\/h2>\n\n\n\n<p class=\"has-vivid-red-color has-text-color has-link-color has-medium-font-size wp-elements-ad48e60ccb236ff646fe091c4844a4f6\" style=\"font-style:normal;font-weight:600;text-decoration:underline\">Vacances de printemps 2026<\/p>\n\n\n\n<p class=\"has-vivid-red-color has-text-color has-link-color wp-elements-8a1e16b51b3111a085e7e46db5ef6039\" style=\"font-style:normal;font-weight:600\">Pendant les vacances, l&rsquo;\u00eelot Maths sera ouvert lundi 13\/04, mercredi 22\/04, jeudi 23\/04, vendredi 24\/04 et samedi 25\/04.<\/p>\n\n\n\n<p class=\"has-vivid-red-color has-text-color has-link-color wp-elements-7c5416578155adf54d09801c350d15ea\" style=\"font-style:normal;font-weight:600\">Me contacter pour r\u00e9server.<\/p>\n\n\n\n<p class=\"has-black-color has-text-color has-link-color has-medium-font-size wp-elements-4614ce3edd892840849112e1d8d6c8ff\" style=\"font-style:normal;font-weight:600;text-decoration:underline\"><\/p>\n\n\n\n<p class=\"has-black-color has-text-color has-link-color has-medium-font-size wp-elements-21c0a798837aa10736884008a474125e\" style=\"font-style:normal;font-weight:600;text-decoration:underline\">Examens 2026<\/p>\n\n\n\n<p class=\"has-black-color has-text-color has-link-color wp-elements-71234a5d468a7f122ddc81980d76c89c\" style=\"font-style:normal;font-weight:600\">Pour les \u00e9l\u00e8ves de 3\u00e8me : Brevet des coll\u00e8ges : 26, 29 et 30\/06.<\/p>\n\n\n\n<p class=\"has-black-color has-text-color has-link-color wp-elements-55668598b0825f65fea208e89cf50ffa\" style=\"font-style:normal;font-weight:600\">Pour les \u00e9l\u00e8ves de 1\u00e8re : \u00e9preuves anticip\u00e9es du Bac : Fran\u00e7ais le 11\/06 et Maths le 12\/06<\/p>\n\n\n\n<p class=\"has-black-color has-text-color has-link-color wp-elements-7d3f543b38aed7db525dd0f6d3d7be64\" style=\"font-style:normal;font-weight:600\">Pour les \u00e9l\u00e8ves de Terminale : Bac : Philo le 15\/06 et Sp\u00e9s les 16, 17 et 18\/06, Grand oral \u00e0 partir du 22\/06.<\/p>\n\n\n\n<p class=\"has-black-color has-text-color has-link-color has-medium-font-size wp-elements-a01b1cf32e7da34b2928a7a89457ddd8\" style=\"font-style:normal;font-weight:600;text-decoration:underline\"><\/p>\n\n\n\n<p><\/p>\n\n\n\n<p class=\"has-vivid-red-color has-text-color has-link-color has-medium-font-size wp-elements-004166467ddd904efab7abac9e3a3bd4\" style=\"text-decoration:underline\"><\/p>\n\n\n\n<p class=\"has-vivid-red-color has-text-color has-link-color wp-elements-c9365267f914bd71ea50e5e539e3962b\"><\/p>\n\n\n\n<p class=\"has-vivid-red-color has-text-color has-link-color has-medium-font-size wp-elements-004166467ddd904efab7abac9e3a3bd4\" style=\"text-decoration:underline\"><\/p>\n\n\n\n<p class=\"has-black-color has-text-color has-link-color wp-elements-9ac00cf961d1ea846fe5a532228b76c6\"><\/p>\n\n\n\n<div class=\"wp-block-columns is-layout-flex wp-container-core-columns-is-layout-28f84493 wp-block-columns-is-layout-flex\">\n<div class=\"wp-block-column is-layout-flow wp-block-column-is-layout-flow\">\n<p class=\"has-text-align-center has-medium-font-size\"><strong>mail :&nbsp;<a href=\"mailto:l_ilot_maths@orange.fr\">l_ilot_maths@orange.fr<\/a>&nbsp;&nbsp;<\/strong> &nbsp; <\/p>\n<\/div>\n\n\n\n<div class=\"wp-block-column is-layout-flow wp-block-column-is-layout-flow\">\n<p class=\"has-text-align-center has-medium-font-size\"><strong>t\u00e9l : 06 80 52 99 72<\/strong><\/p>\n<\/div>\n<\/div>\n","protected":false},"excerpt":{"rendered":"<p>Cours de Math\u00e9matiques&nbsp;\u00e0 Lille Aide, soutien scolaire et compl\u00e9ments en Math\u00e9matiques par un professeur de l&rsquo;Education nationale au centre-ville de Lille Surmonter des difficult\u00e9s ponctuelles dans l&rsquo;apprentissage des Math\u00e9matiques ou besoin d&rsquo;un accompagnement r\u00e9gulier, d&rsquo;une pr\u00e9paration sp\u00e9cifique ?&nbsp; L&rsquo;\u00eelot Maths propose des cours particuliers de Math\u00e9matiques ou des cours&nbsp;en petits groupes (maximum 4 \u00e9l\u00e8ves).&nbsp; Le [&hellip;]<\/p>\n","protected":false},"author":1,"featured_media":0,"parent":0,"menu_order":1,"comment_status":"closed","ping_status":"closed","template":"","meta":{"site-sidebar-layout":"default","site-content-layout":"","ast-site-content-layout":"default","site-content-style":"default","site-sidebar-style":"default","ast-global-header-display":"","ast-banner-title-visibility":"","ast-main-header-display":"","ast-hfb-above-header-display":"","ast-hfb-below-header-display":"","ast-hfb-mobile-header-display":"","site-post-title":"","ast-breadcrumbs-content":"","ast-featured-img":"","footer-sml-layout":"","ast-disable-related-posts":"","theme-transparent-header-meta":"","adv-header-id-meta":"","stick-header-meta":"","header-above-stick-meta":"","header-main-stick-meta":"","header-below-stick-meta":"","astra-migrate-meta-layouts":"set","ast-page-background-enabled":"default","ast-page-background-meta":{"desktop":{"background-color":"var(--ast-global-color-4)","background-image":"","background-repeat":"repeat","background-position":"center center","background-size":"auto","background-attachment":"scroll","background-type":"","background-media":"","overlay-type":"","overlay-color":"","overlay-opacity":"","overlay-gradient":""},"tablet":{"background-color":"","background-image":"","background-repeat":"repeat","background-position":"center center","background-size":"auto","background-attachment":"scroll","background-type":"","background-media":"","overlay-type":"","overlay-color":"","overlay-opacity":"","overlay-gradient":""},"mobile":{"background-color":"","background-image":"","background-repeat":"repeat","background-position":"center center","background-size":"auto","background-attachment":"scroll","background-type":"","background-media":"","overlay-type":"","overlay-color":"","overlay-opacity":"","overlay-gradient":""}},"ast-content-background-meta":{"desktop":{"background-color":"var(--ast-global-color-5)","background-image":"","background-repeat":"repeat","background-position":"center center","background-size":"auto","background-attachment":"scroll","background-type":"","background-media":"","overlay-type":"","overlay-color":"","overlay-opacity":"","overlay-gradient":""},"tablet":{"background-color":"var(--ast-global-color-5)","background-image":"","background-repeat":"repeat","background-position":"center center","background-size":"auto","background-attachment":"scroll","background-type":"","background-media":"","overlay-type":"","overlay-color":"","overlay-opacity":"","overlay-gradient":""},"mobile":{"background-color":"var(--ast-global-color-5)","background-image":"","background-repeat":"repeat","background-position":"center center","background-size":"auto","background-attachment":"scroll","background-type":"","background-media":"","overlay-type":"","overlay-color":"","overlay-opacity":"","overlay-gradient":""}},"footnotes":""},"class_list":["post-17","page","type-page","status-publish","hentry"],"_links":{"self":[{"href":"https:\/\/l-ilot-maths.fr\/index.php\/wp-json\/wp\/v2\/pages\/17","targetHints":{"allow":["GET"]}}],"collection":[{"href":"https:\/\/l-ilot-maths.fr\/index.php\/wp-json\/wp\/v2\/pages"}],"about":[{"href":"https:\/\/l-ilot-maths.fr\/index.php\/wp-json\/wp\/v2\/types\/page"}],"author":[{"embeddable":true,"href":"https:\/\/l-ilot-maths.fr\/index.php\/wp-json\/wp\/v2\/users\/1"}],"replies":[{"embeddable":true,"href":"https:\/\/l-ilot-maths.fr\/index.php\/wp-json\/wp\/v2\/comments?post=17"}],"version-history":[{"count":41,"href":"https:\/\/l-ilot-maths.fr\/index.php\/wp-json\/wp\/v2\/pages\/17\/revisions"}],"predecessor-version":[{"id":247,"href":"https:\/\/l-ilot-maths.fr\/index.php\/wp-json\/wp\/v2\/pages\/17\/revisions\/247"}],"wp:attachment":[{"href":"https:\/\/l-ilot-maths.fr\/index.php\/wp-json\/wp\/v2\/media?parent=17"}],"curies":[{"name":"wp","href":"https:\/\/api.w.org\/{rel}","templated":true}]}}